et s(h) = -5*h**2. What is s(i)?
-5
Let l(a) = -8 - 2*a + 13 - 2*a + 6*a. Suppose -o + 5 = -4. Let p = -14 + o. Give l(p).
-5
Suppose 10*o - 11*o + 2 = 0. Let y(m) = 3 + 1 + m**o + 1 + 2*m. Determine y(-5).
20
Let o = -21 + 23. Let w(l) = 4*l - 7*l**2 + 0*l - 6*l**3 + 4 + 14*l**2. Let x(t) = -7*t**3 + 8*t**2 + 5*t + 5. Let r(c) = -5*w(c) + 4*x(c). Calculate r(o).
4
Let d(m) = -m**2 - 7*m - 3. Let o be d(-5). Let p(z) = -2*z + 12. Let a be p(5). Let c(u) = -u + o + a*u - 3 + u. Determine c(6).
16
Let o(m) be the first derivative of -13*m**4/4 + m**3/3 + m**2/2 - m - 871. Let r(g) = -g + 5. Let v be r(4). What is o(v)?
-12
Let b(g) = 10*g - 9. Let h = -1563 - -1559. Determine b(h).
-49
Let a = -595 + 593. Let q(p) = 14*p + 6. Let y(g) = 27*g + 11. Let t(f) = -7*q(f) + 4*y(f). Determine t(a).
-18
Let f = 4 - 1. Suppose 6*b - f*b + 4*y = 14, -2*y = -2*b. Let v(m) = -m - 2*m**b + 4*m**3 + 4*m**2 + 1 - m**2. Give v(1).
5
Let g(t) be the second derivative of t**4/12 - t**3/2 + t**2 + 21*t - 8. What is g(-2)?
12
Let i(o) = 6*o**2 - o - 5 + 5*o - 4*o**2. Suppose -11*t + 164 = 208. What is i(t)?
11
Let m(n) = -54*n - 1. Suppose -92 + 89 = 2*v + 5*t, 0 = 5*v + 3*t - 2. Determine m(v).
-55
Let p be ((-1)/(-2))/((-9)/(-306)). Let a(u) = p*u**3 + 3*u - 9*u**3 - 6*u**2 - 7*u**3 - 2*u. Let d = 0 + 6. Calculate a(d).
6
Let f(x) = -x - 2. Let y be f(-3). Let r(j) = -2467*j**2 + 15*j**3 - 2*j**3 + 1 - j + 2466*j**2. Calculate r(y).
12
Suppose 0 = 3*h + 5 - 14. Let a(q) = -q**2 + 3*q. Calculate a(h).
0
Let o(d) be the first derivative of 6 - 3*d + 1/2*d**2. What is o(0)?
-3
Suppose 3*y - 1 = 5. Suppose 3*d + 4 = 4*m, -2*m + 4 = -y*d + d. Let j(g) = g**3 - 3*g**2 - 5*g - 3. Calculate j(m).
-7
Suppose -655 = -a - 648. Let m(z) = 2*z - 2. Determine m(a).
12
Suppose -4*z + 0*q + 35 = -q, 0 = -4*z - 2*q + 38. Suppose 0 = 4*h - h - z. Let f(g) = 0*g**2 + 9*g**h - 3*g**3 + g + g**2 + 1 - g**3. What is f(-1)?
-4
Let k(r) = 4*r - 3 + 2 + 2*r. Let f be (1/3)/((-25)/15 + 2). What is k(f)?
5
Let w(j) = 5*j**3 - 13*j**2 + 4*j + 5. Let t(a) = 9*a**3 - 25*a**2 + 9*a + 10. Let h(x) = -4*t(x) + 7*w(x). Let k = 2 + 6. Give h(k).
-5
Let c(z) = z**2 + 5*z. Suppose -g - 4 = -5*g - j, 3*j = -2*g + 2. Suppose p + 4 + g = 0. Determine c(p).
0
Suppose 13 = m - 3*l, 4*l + 0*l = -3*m. Suppose 2*j = 5*c - 0*c - 30, -21 = j - m*c. Let v(u) = -u + 1. What is v(j)?
6
Let u be ((-4)/10)/((-2)/10). Let p(w) = 0*w**2 - 1 + 4 + 4*w - 3*w**2 - 3 - 2. Give p(u).
-6
Suppose 12*u + 2*u = 0. Let y(z) be the second derivative of -1/6*z**3 + u + 1/20*z**5 + 0*z**4 + 0*z**2 + 10*z. What is y(-2)?
-6
Let q(s) = 3*s**3 + 51*s - 23*s - 20*s + 7*s**2 + 9. Let c(f) = -13*f**3 - 28*f**2 - 32*f - 36. Let k(i) = -2*c(i) - 9*q(i). Determine k(-6).
3
Suppose -b - 27 = 4*x, 0 = x + 2*x + 5*b + 33. Let a(l) = 0*l**2 + 7 - 2 + 0 - 6*l - l**2. Determine a(x).
5
Let x(a) = -5*a**3 + 4*a**2 + 8*a - 3. Let o(b) = -6*b**3 + 5*b**2 + 10*b - 4. Let c(j) = 6*o(j) - 7*x(j). Give c(2).
5
Let h(j) be the second derivative of 0 + 7*j + 1/60*j**5 + 1/4*j**4 + 0*j**2 + 1/6*j**3. Let q(f) be the second derivative of h(f). Give q(-5).
-4
Let u(w) be the first derivative of -w**2/2 - 7*w + 74. Let y = -37 - 7. Let m be 6/21 - y/(-7). What is u(m)?
-1
Let c(i) = -2*i + 6. Let q(x) = 2*x**3 - 8*x**2 - 9*x. Let l be q(5). Calculate c(l).
-4
Let z = 430 + -427. Let m(n) be the second derivative of -1/6*n**z + 1/2*n**2 + 0 + 7*n. Determine m(-5).
6
Let n(p) be the first derivative of 5*p**4/24 + p**3/6 - 11*p**2 - 21. Let l(x) be the second derivative of n(x). Give l(-5).
-24
Let o = -18 + 13. Let r(b) be the third derivative of b**6/120 + b**5/10 + b**4/12 + 2*b**3/3 - b**2 + 412*b. Determine r(o).
19
Let n be (1/(-2))/((-1)/60). Let r = n - 25. Let m(t) = 6 - 7 + t - 2 - r. Give m(6).
-2
Let k = 87 - 76. Suppose 23 - k = 4*j. Let u(r) = r**2 - 5*r. Give u(j).
-6
Let n(h) = 13 - 15 + h - 2*h. Suppose 3*t - 4*t + 28 = -2*u, 37 = -3*u - t. Let b = 6 + u. Give n(b).
5
Let d = -237 - -234. Let j(t) = t**2 - 4*t - 18. Determine j(d).
3
Let p(f) = -f**3 + 7*f**2 - 3*f - 3. Suppose -3*n - k = -15, 0*n + 5*k = 2*n - 27. Calculate p(n).
15
Let r(u) = 862*u**2 - 6*u - 281*u**2 - 291*u**2 - 289*u**2. What is r(6)?
0
Let q be (-1 + 1/(-1))/(-1). Let o(h) = -5*h + q*h**2 - 2*h + 6 - h**2. Suppose -3*n - r = -18, n = -6*r + 2*r + 6. Calculate o(n).
0
Let t(u) = -10*u + 34. Let m be t(4). Let y(b) = b**3 + 6*b**2 - 3*b. Give y(m).
18
Let j(u) = 0 + 0 + u. Let n(x) = 4*x + 3. Let v(p) = 2*p**3 + 4*p + 3. Let z be v(-1). Let m(q) = z*j(q) + n(q). Determine m(-4).
-1
Let c be 6 + (-5 + 145/5)*14/(-42). Suppose -4*b + 8 = -0*b. Let m(w) = -w**2 + w - 3 - 2*w - b*w. Give m(c).
-1
Let t(i) = i**2 + 4 + 0*i + 3*i - 7*i. Let w be t(3). Let n(j) = -2 + w + 0 + j + 4. Calculate n(5).
8
Let g(v) = v**2 - 6*v + 1. Let f(k) = -k**2 + 16*k + 20. Let n be f(17). Suppose -n*q + 9 = -4*q + 5*a, a + 27 = 5*q. What is g(q)?
1
Let q(f) = -13*f + 8. Let z(g) = -4*g. Let j(u) = 2*q(u) - 6*z(u). Give j(9).
-2
Let s(d) be the first derivative of -9*d**4/4 - 19. Let n be ((-41)/287)/(8/(-7) - -1). Determine s(n).
-9
Suppose -29 = -5*l - 9, -4*l + 14 = -f. Let r(c) = -4*c**2 + 5*c - 2. Let n(s) = 7*s**2 - 10*s + 4. Let x(k) = 3*n(k) + 5*r(k). Give x(f).
-4
Let n(a) = -1 - 14*a**2 + 0 - 1106*a + 1104*a. Give n(-1).
-13
Let o(r) = -10*r**2 - 1. Let z(q) = 39*q + 430. Let u be z(-11). What is o(u)?
-11
Let b(k) be the third derivative of k**6/720 + k**5/20 - 7*k**4/12 + 7*k**2. Let m(j) be the second derivative of b(j). What is m(-6)?
0
Let h(z) = -7*z - 12. Let x(g) = -38*g - 64. Let u(l) = 16*h(l) - 3*x(l). Calculate u(6).
12
Let p(o) = -o**2 - 11*o + 46. Let x(t) = -2*t**2 - 11*t + 52. Let f(b) = -3*p(b) + 2*x(b). Determine f(8).
-10
Suppose 5 = g, -6*f + 2*f = g - 5. Let v be ((-6)/1 - f)*(-3)/(-6). Let m(w) = -w**3 - 3*w**2 - w + 4. Determine m(v).
7
Let x(k) = 3*k + 27. Let b be x(-9). Let r(w) = -w**3 + w**2 - 2. Calculate r(b).
-2
Let v = -24 - -11. Let s(a) = -a**3 - 12*a**2 + 16*a + 37. Let i be s(v). Let b(j) be the first derivative of j**3 + 2*j**2 + 3*j + 1. What is b(i)?
7
Let s(b) = b**2 - 9*b + 8. Suppose 0 = -3*o - 4 + 28. Let z be s(o). Let u(t) = t**3 + t**2 + t - 14. Give u(z).
-14
Let d(w) = 4*w + 7 + 1 - 7. Suppose 0 = 3*j - 21 + 9. Suppose 0 = -5*h - 4 - 11, 0 = u + j*h + 13. Give d(u).
-3
Let s(h) = 13*h**2 + h + 1. Let r(q) be the third derivative of q**5/20 + 24*q**2. Let o(i) = 9*r(i) - 2*s(i). Calculate o(4).
6
Suppose -44*m = 5 - 5. Let p(j) = -j**3 + 2*j + 7. Calculate p(m).
7
Let x(i) = -7*i**2 + 5*i + 46. Let q(a) = -13*a**2 + 10*a + 88. Let u(b) = 6*q(b) - 11*x(b). Calculate u(8).
-2
Suppose -2*w + 18 = -6*w + 2*q, 5*q = -5. Let z(v) = -6*v + 3 - v + 0 + 4*v. What is z(w)?
18
Let v(d) be the first derivative of 1/4*d**4 - 2/3*d**3 - 3 + d**2 - d. Suppose -r + 8 = s + s, 5*s = -2*r + 19. Give v(r).
3
Let l(d) = 2*d**2 - 14*d - 6. Let t(y) = 11*y + 0 - 3 + 5*y + y**2 - 23*y. Let o(x) = -3*l(x) + 5*t(x). What is o(6)?
9
Suppose -7*n + 68 = 89. Let q(w) = -w + 1. Determine q(n).
4
Let y(u) = u**3 - u**2 - 40. Let h = -432 - -432. What is y(h)?
-40
Let t(x) be the third derivative of 1/3*x**3 + 0*x - 1/30*x**5 + 0*x**4 + 1/120*x**6 + 0 + 5*x**2. Determine t(2).
2
Let l(o) = 8*o**3 + 14*o**2 + 7*o - 13. Let q(b) = -3*b**3 - 7*b**2 - 3*b + 6. Let f(j) = -2*l(j) - 5*q(j). Determine f(6).
38
Let a(z) = 37*z**2 - 3*z - 18. Let k(u) = -17*u**2 + 2*u + 9. Let g(b) = 6*a(b) + 13*k(b). Let j be 14/4*(0 - 2). Calculate g(j).
2
Let v = 16 - 15. Suppose 2*h - 7 = -v. Let j(g) = 3*g. Give j(h).
9
Let z(i) be the second derivative of -i**3/6 + 5*i**2 + 15*i. Let w be z(3). Let x(o) = o**2 - 7*o - 6. Calculate x(w).
-6
Suppose -2*q = -4*r - 20, q = 4*q + 12. Let j(a) = -3 - 11*a**2 + 4*a**2 - 2 - 11*a + 13*a**2 - 7*a**2. Give j(r).
23
Let o(x) = -37*x + x**3 + 3*x + 6*x**2 - 7 + 11*x + 6*x + 8*x. What is o(-7)?
7
Let z = -1 + 4. Let k = z - 2. Let x(s) = -2 - 34*s**2 + 3*s - k + 35*s**2. Determine x(-5).
7
Let y(k) = k**3 + 5*k**2 + k - 3. Let q be y(-4). Let x(d) = d**2 + 2*d**2 - 2*d**2 + 15 - q. Give x(0).
6
Let j(w) = -w + 11. Let g be j(16). Let r(q) = -4*q - 6. Give r(g).
14
Let o(h) = -2*h**2 + 3*h - 2. Let c = 18 + -10. Let m(r) = -7*r + 58. Let k be m(c).